culate the remainder when 214 is divided by y.
22
Let j be (20 - 26)*(-6)/4. Let d = j - -3. Suppose 5*v - 4*f - 2 = 0, 0*v - d = -3*v - 3*f. What is the remainder when 3 is divided by v?
1
Let n(q) = -4*q - 4. Calculate the remainder when 179 is divided by n(-16).
59
Let q(o) = -o**3 - 5*o**2 + 12*o + 4. Let l be 20/(-3) - 14/42. What is the remainder when 34 is divided by q(l)?
16
Calculate the remainder when (-32)/(-80)*-15 - (2 + -690) is divided by 86.
80
Let r(x) = -x**3 - 11*x**2 - 3*x - 15. Let t be (4/(-10))/(6/(-30)). Suppose -t*n - 19 = 3. What is the remainder when r(n) is divided by 6?
0
Let h(v) = v**3 + 8*v**2 - 6*v + 8. Suppose -5*k - 5*o = 175 + 25, 4*o = -k - 43. Let d = k + 32. Calculate the remainder when h(d) is divided by 25.
24
Let g = 9 - 1. Suppose -2*x = -3*t + g, -8 = 2*t + x + x. Suppose t*m + 5*m = 330. What is the remainder when m is divided by 17?
15
Let i be -1*(-4 + 3 - -6). Let k(r) = r. Let b(j) = 17*j + 4. Let y(g) = -b(g) + 2*k(g). What is the remainder when y(i) is divided by 12?
11
Let o = 2797 - 2628. What is the remainder when o is divided by 43?
40
Let u(c) = -50*c + 132. Let n(l) = 8*l**2 + l. Calculate the remainder when u(2) is divided by n(-1).
4
Suppose -2*w - g + 26 = 0, -3*w + 39 = -17*g + 15*g. Calculate the remainder when 827 is divided by w.
8
Let g be (50/(-3))/((-12)/(-18)). Let q = -19 - g. Let h(a) = 2*a**2 + 9*a - 8. Calculate the remainder when h(-7) is divided by q.
3
Calculate the remainder when (-5 - 126/(-35) - -1)*-240 is divided by 20.
16
Let j be (50/(-4))/(-5)*36/10. Calculate the remainder when (-1*j)/(12/(-84)) is divided by 11.
8
Suppose -3*u + 11 = -13. Calculate the remainder when 434/u + 1/(-4) is divided by 19.
16
Suppose d = 2*s + 35, -3*d + 3*s + 59 + 43 = 0. Calculate the remainder when d is divided by 28.
5
Let t = -6547 + 6570. What is the remainder when ((0 + 1)*-122)/(-2) is divided by t?
15
Let q = -18 + 22. Suppose 0 = 4*x - q*b - 24, 5*x - 8 = -b + 4. What is the remainder when x/3 - (-2 + -7) is divided by 6?
4
Let s = -16 - -25. Let i(t) = -3*t**2 + 11*t - 3. Let g be i(5). Let w = 49 + g. What is the remainder when w is divided by s?
8
Suppose -r = 2, -3*r = w - 0*w + 6. Suppose w*y = 6*y - 516. Calculate the remainder when y is divided by 29.
28
Let n(o) = 4*o + 103. What is the remainder when 340 is divided by n(-18)?
30
Let y(c) = c + 2. Let p(h) = -h**2 + 4*h. Let b be p(2). Suppose b*n - 39 = -7. Calculate the remainder when y(n) is divided by 6.
4
What is the remainder when 433 is divided by 9 - (-6 - -46)/10?
3
Suppose c = -2*p + 73 - 22, 0 = -5*c + 5*p + 255. Let u(l) = -l**3 + 6*l**2 - 7. Let t be u(6). Calculate the remainder when c is divided by (-2 + t)/((-1)/2).
15
Let f(q) = q**3 + 7*q**2 - q - 6. What is the remainder when 189 is divided by f(-7)?
0
Let o = 17924 + -17890. Let x(r) = -127*r**3 - r - 1. Let h be x(-1). Let s = 194 - h. What is the remainder when s is divided by o?
33
Suppose -3*y + 3*u + 21 = 0, -y + 2*y + 3*u - 11 = 0. Suppose -y*q + 2*q + 342 = 0. What is the remainder when q is divided by 15?
12
Let z(q) = 18*q**2 - 9*q - 38. What is the remainder when z(-4) is divided by 9?
7
Let g(t) = -t**3 - 8*t**2 - 18*t + 3. What is the remainder when 74 is divided by g(-4)?
8
Let w be (104/(-6))/(5 - (-51)/(-9)). Let q = w - 9. Let c = 120 + -53. What is the remainder when c is divided by q?
16
Suppose -3 = -2*c + 5*s, -3*c - 6*s + 9*s = -18. Calculate the remainder when -3*7*(-8)/12 is divided by c.
5
Let z be 5/((-10)/4) - -27. Let w be ((-18)/5)/((-5)/z). Calculate the remainder when 5 is divided by ((-6)/9)/((-4)/w).
2
Suppose -207 = -5*u - 2*n, -2*u + 12*n + 102 = 8*n. Calculate the remainder when u is divided by 9.
7
Suppose 6*l - 121 = 155. What is the remainder when (536/(-6))/((-10)/15) is divided by l?
42
Suppose -4*f = -3*f. Suppose f = -o - 3*l + 187, -l = 3*o + o - 770. What is the remainder when o is divided by 39?
37
Let s = 26 + 7. Calculate the remainder when 91 is divided by s.
25
Suppose -5*s = 88 + 62. Let l = -25 - s. Calculate the remainder when 7 is divided by l.
2
Suppose 413*m - 408*m = 210. What is the remainder when 1046 is divided by m?
38
Calculate the remainder when 102 is divided by (54/10)/(16/80).
21
Let g = 42 + 12. Suppose -4*r + 11 = -3*r. What is the remainder when g is divided by r?
10
Suppose 5*p = 8*p - 63. Let l = p - 14. Let s(g) = g**2 - 7*g + 3. Calculate the remainder when 7 is divided by s(l).
1
Let x = 191 - 110. Suppose -5*m + 2*c = 37 - 130, x = 4*m + 5*c. What is the remainder when 29 is divided by m?
10
Let n = -18 + 268. What is the remainder when n is divided by 23?
20
Let n = -5 + 9. Suppose 2*p + o = 5*o + 6, 3*o = -n*p + 45. Let j = 3 + p. Calculate the remainder when 35 is divided by j.
11
Let b be 1048/(-7 - 1)*2/(-2). Let a = 143 - b. What is the remainder when 32 is divided by a?
8
Suppose 0*z - 88 = -4*z. Let w = -375 - -457. What is the remainder when w is divided by z?
16
Suppose 5*r + 3*r = 72. Calculate the remainder when 17 is divided by r.
8
What is the remainder when (-9 + -452 - -6)*-1 is divided by 29?
20
Suppose -45 = -3*q - 2*w, -w = -4*q - 5*w + 60. Suppose q*y - 96 = -21. Calculate the remainder when 22 is divided by y.
2
Suppose w + 17 = 3*m - 2*m, -5*w = m + 7. What is the remainder when 87 is divided by m?
9
Suppose 4 - 9 = -m. Suppose -6*n + 37 = -m*n. Calculate the remainder when 108 is divided by n.
34
Let h(g) = 15*g - 27. Let z be h(6). Suppose 0 = 7*t - z - 0. What is the remainder when (-3)/(-2)*10/1 is divided by t?
6
Suppose -s + t + 223 = -114, -1003 = -3*s - 5*t. What is the remainder when s is divided by 85?
81
Let p(a) = -3*a**2 + a**2 + 1 + 3*a + a**2 - a**3. Suppose 0 = 3*c - c - 56. What is the remainder when c is divided by p(-3)?
8
Suppose -4*r + 130 = 5*o - 7*r, 5*o - 130 = 5*r. What is the remainder when o is divided by 7?
5
Calculate the remainder when 811 is divided by (-3)/(-39) + 12369/91.
131
Let p be (3 + 2 - 3) + 6. Suppose -6*v = -5*v - 23. What is the remainder when 93 + (-1)/(4/p) is divided by v?
22
Suppose 5*s + 0*s = 10. Let z(m) = -m**3 + 15*m**2 - 14*m + 12. What is the remainder when 1*24 - (s - 1) is divided by z(14)?
11
Let y = 35 - 33. Suppose -y*z + 378 = 4*v, 1 + 2 = z. Let t = v + -63. Calculate the remainder when 87 is divided by t.
27
Suppose -4*j = 3*x - 58, 12*j = -3*x + 13*j + 83. Calculate the remainder when x is divided by 6.
2
What is the remainder when (-101 - -103)/((-2)/(-518)) is divided by 131?
125
Let t be (-1 - -82) + 0 + -1. Suppose 2*a - t = -6. What is the remainder when ((-18)/(-5)*4/(-3))/(336/(-5040)) is divided by a?
35
Let x(w) = w**3 + 5*w**2 + 529*w + 3 - 2*w**3 - 534*w. Calculate the remainder when 27 is divided by x(3).
3
Let h(b) = b**2 - 19*b - 3. Let y be h(25). Suppose -17*x + y + 108 = 0. What is the remainder when 208 is divided by x?
13
Suppose -3*r = 4*k - 129 + 23, -3*k - 78 = -3*r. What is the remainder when r is divided by 4/(-10)*(-180)/4?
12
Let d = 78 + -65. What is the remainder when 88 is divided by d?
10
Let l = 52 + -41. Suppose p = -4*n + 9 + l, p - 20 = -5*n. What is the remainder when 96 is divided by p?
16
Suppose -16*j + 5*p = -18*j + 34, -j - 3*p + 15 = 0. What is the remainder when j is divided by 7?
6
Let a = 258 - 249. What is the remainder when -4 + 5 - (-15 + 0) is divided by a?
7
Let k = 292 + -276. What is the remainder when 36 is divided by k?
4
Let a be (-2)/(-6) - 319/(-87). Calculate the remainder when 8 is divided by (40/15)/(a/6).
0
Let f = -1494 - -1648. What is the remainder when f is divided by 79?
75
Let z(r) = -3*r. Let m be z(-1). Let g = 69 - -4. What is the remainder when g is divided by (3/2)/(m/38)?
16
Let o = -272 + 310. Calculate the remainder when 134 is divided by o.
20
Suppose 6*g - 91 = -5*f + 10*g, -4*f + g = -64. Let i = f + -6. What is the remainder when 52 is divided by i?
7
Suppose 48 = -6*u + 18. Let l(s) = s**2 + 3*s. Calculate the remainder when 28 is divided by l(u).
8
Let w = 28 - 20. Let d = -5 - -7. Suppose -5*c = d*r - 35, -5*r + 2*c + c = -10. Calculate the remainder when w is divided by r.
3
Let x(g) = g**3 - 7*g**2 - 3*g + 2. Let q be x(4). Let h = q - 11. Let t = -40 - h. Calculate the remainder when t is divided by 8.